{"id":1071,"date":"2023-09-21T11:55:22","date_gmt":"2023-09-21T09:55:22","guid":{"rendered":"https:\/\/gfima.es\/?page_id=1071"},"modified":"2024-05-10T14:05:49","modified_gmt":"2024-05-10T12:05:49","slug":"eficiencia-energetica","status":"publish","type":"page","link":"https:\/\/www.gfima.es\/?page_id=1071","title":{"rendered":"Eficiencia energ\u00e9tica"},"content":{"rendered":"\t\t<div data-elementor-type=\"wp-page\" data-elementor-id=\"1071\" class=\"elementor elementor-1071\" data-elementor-post-type=\"page\">\n\t\t\t\t<div class=\"elementor-element elementor-element-ccc8645 e-flex e-con-boxed e-con e-parent\" data-id=\"ccc8645\" data-element_type=\"container\" data-e-type=\"container\">\n\t\t\t\t\t<div class=\"e-con-inner\">\n\t\t\t\t<div class=\"elementor-element elementor-element-32d1363 elementor-widget elementor-widget-heading\" data-id=\"32d1363\" data-element_type=\"widget\" data-e-type=\"widget\" data-widget_type=\"heading.default\">\n\t\t\t\t<div class=\"elementor-widget-container\">\n\t\t\t\t\t<h2 class=\"elementor-heading-title elementor-size-default\">\n\n\u00bfNecesitas un certificado energ\u00e9tico?\n<\/h2>\t\t\t\t<\/div>\n\t\t\t\t<\/div>\n\t\t\t\t\t<\/div>\n\t\t\t\t<\/div>\n\t\t<div class=\"elementor-element elementor-element-978a6d3 elementor-hidden-mobile e-flex e-con-boxed e-con e-parent\" data-id=\"978a6d3\" data-element_type=\"container\" data-e-type=\"container\">\n\t\t\t\t\t<div class=\"e-con-inner\">\n\t\t<div class=\"elementor-element elementor-element-21c55dd e-flex e-con-boxed e-con e-child\" data-id=\"21c55dd\" data-element_type=\"container\" data-e-type=\"container\">\n\t\t\t\t\t<div class=\"e-con-inner\">\n\t\t\t\t<div class=\"elementor-element elementor-element-064cc84 elementor-cta--layout-image-left elementor-cta--valign-middle elementor-cta--skin-classic elementor-animated-content elementor-widget elementor-widget-call-to-action\" data-id=\"064cc84\" data-element_type=\"widget\" data-e-type=\"widget\" data-widget_type=\"call-to-action.default\">\n\t\t\t\t<div class=\"elementor-widget-container\">\n\t\t\t\t\t\t\t<div class=\"elementor-cta\">\n\t\t\t\t\t<div class=\"elementor-cta__bg-wrapper\">\n\t\t\t\t<div class=\"elementor-cta__bg elementor-bg\" style=\"background-image: url(https:\/\/www.gfima.es\/wp-content\/uploads\/2023\/09\/EficienciaEnergetica2.jpg);\" role=\"img\" aria-label=\"EficienciaEnergetica2\"><\/div>\n\t\t\t\t<div class=\"elementor-cta__bg-overlay\"><\/div>\n\t\t\t<\/div>\n\t\t\t\t\t\t\t<div class=\"elementor-cta__content\">\n\t\t\t\t\n\t\t\t\t\t\t\t\t\t<h2 class=\"elementor-cta__title elementor-cta__content-item elementor-content-item\">\n\t\t\t\t\t\t Certificado Energ\u00e9tico\t\t\t\t\t<\/h2>\n\t\t\t\t\n\t\t\t\t\t\t\t\t\t<div class=\"elementor-cta__description elementor-cta__content-item elementor-content-item\">\n\t\t\t\t\t\tEl certificado energ\u00e9tico informa sobre la eficiencia energ\u00e9tica de un inmueble y sugiere medidas de ahorro energ\u00e9tico. El certificado energ\u00e9tico es obligatorio para vender o alquilar en todo el Territorio Nacional Espa\u00f1ol seg\u00fan el Real Decreto 235\/2013 a partir del 1 de junio de 2013 y para firmar el contrato de compraventa o alquiler se exige la presentaci\u00f3n del certificado energ\u00e9tico registrado.\n\t\t\t\t\t<\/div>\n\t\t\t\t\n\t\t\t\t\t\t\t<\/div>\n\t\t\t\t\t\t<\/div>\n\t\t\t\t\t\t<\/div>\n\t\t\t\t<\/div>\n\t\t\t\t\t<\/div>\n\t\t\t\t<\/div>\n\t\t\t\t\t<\/div>\n\t\t\t\t<\/div>\n\t\t<div class=\"elementor-element elementor-element-e2d86f0 elementor-hidden-desktop elementor-hidden-tablet e-flex e-con-boxed e-con e-parent\" data-id=\"e2d86f0\" data-element_type=\"container\" data-e-type=\"container\">\n\t\t\t\t\t<div class=\"e-con-inner\">\n\t\t<div class=\"elementor-element elementor-element-964b21d e-flex e-con-boxed e-con e-child\" data-id=\"964b21d\" data-element_type=\"container\" data-e-type=\"container\">\n\t\t\t\t\t<div class=\"e-con-inner\">\n\t\t\t\t<div class=\"elementor-element elementor-element-355afbb elementor-cta--layout-image-left elementor-cta--valign-middle elementor-cta--mobile-layout-image-above elementor-cta--skin-classic elementor-animated-content elementor-widget elementor-widget-call-to-action\" data-id=\"355afbb\" data-element_type=\"widget\" data-e-type=\"widget\" data-widget_type=\"call-to-action.default\">\n\t\t\t\t<div class=\"elementor-widget-container\">\n\t\t\t\t\t\t\t<div class=\"elementor-cta\">\n\t\t\t\t\t<div class=\"elementor-cta__bg-wrapper\">\n\t\t\t\t<div class=\"elementor-cta__bg elementor-bg\" style=\"background-image: url(https:\/\/www.gfima.es\/wp-content\/uploads\/2023\/09\/EficienciaEnergetica2.jpg);\" role=\"img\" aria-label=\"EficienciaEnergetica2\"><\/div>\n\t\t\t\t<div class=\"elementor-cta__bg-overlay\"><\/div>\n\t\t\t<\/div>\n\t\t\t\t\t\t\t<div class=\"elementor-cta__content\">\n\t\t\t\t\n\t\t\t\t\t\t\t\t\t<h2 class=\"elementor-cta__title elementor-cta__content-item elementor-content-item\">\n\t\t\t\t\t\t Certificado Energ\u00e9tico\t\t\t\t\t<\/h2>\n\t\t\t\t\n\t\t\t\t\t\t\t\t\t<div class=\"elementor-cta__description elementor-cta__content-item elementor-content-item\">\n\t\t\t\t\t\tEl certificado energ\u00e9tico informa sobre la eficiencia energ\u00e9tica de un inmueble y sugiere medidas de ahorro energ\u00e9tico. El certificado energ\u00e9tico es obligatorio para vender o alquilar en todo el Territorio Nacional Espa\u00f1ol seg\u00fan el Real Decreto 235\/2013 a partir del 1 de junio de 2013 y para firmar el contrato de compraventa o alquiler se exige la presentaci\u00f3n del certificado energ\u00e9tico registrado.\t\t\t\t\t<\/div>\n\t\t\t\t\n\t\t\t\t\t\t\t<\/div>\n\t\t\t\t\t\t<\/div>\n\t\t\t\t\t\t<\/div>\n\t\t\t\t<\/div>\n\t\t\t\t\t<\/div>\n\t\t\t\t<\/div>\n\t\t\t\t\t<\/div>\n\t\t\t\t<\/div>\n\t\t<div class=\"elementor-element elementor-element-b5ab7bb e-flex e-con-boxed e-con e-parent\" data-id=\"b5ab7bb\" data-element_type=\"container\" data-e-type=\"container\">\n\t\t\t\t\t<div class=\"e-con-inner\">\n\t\t<div class=\"elementor-element elementor-element-21ae7cf e-flex e-con-boxed e-con e-child\" data-id=\"21ae7cf\" data-element_type=\"container\" data-e-type=\"container\">\n\t\t\t\t\t<div class=\"e-con-inner\">\n\t\t<div class=\"elementor-element elementor-element-59592bf e-flex e-con-boxed e-con e-child\" data-id=\"59592bf\" data-element_type=\"container\" data-e-type=\"container\">\n\t\t\t\t\t<div class=\"e-con-inner\">\n\t\t\t\t<div class=\"elementor-element elementor-element-5cb91a7 elementor-widget elementor-widget-text-editor\" data-id=\"5cb91a7\" data-element_type=\"widget\" data-e-type=\"widget\" data-widget_type=\"text-editor.default\">\n\t\t\t\t<div class=\"elementor-widget-container\">\n\t\t\t\t\t\t\t\t\tVender o alquilar sin disponer de certificado energ\u00e9tico supone una infracci\u00f3n y est\u00e1 sancionado con multas que oscilan entre los 300 y 6.000 euros.\n\nTe damos varias razones para elegirnos a la hora de solicitar tu certificado energ\u00e9tico:\n\t\t\t\t\t\t\t\t<\/div>\n\t\t\t\t<\/div>\n\t\t\t\t\t<\/div>\n\t\t\t\t<\/div>\n\t\t<div class=\"elementor-element elementor-element-9621b85 e-flex e-con-boxed e-con e-child\" data-id=\"9621b85\" data-element_type=\"container\" data-e-type=\"container\">\n\t\t\t\t\t<div class=\"e-con-inner\">\n\t\t<div class=\"elementor-element elementor-element-d04b232 e-con-full e-flex e-con e-child\" data-id=\"d04b232\" data-element_type=\"container\" data-e-type=\"container\">\n\t\t\t\t<div class=\"elementor-element elementor-element-b64659a elementor-position-top elementor-widget elementor-widget-image-box\" data-id=\"b64659a\" data-element_type=\"widget\" data-e-type=\"widget\" data-widget_type=\"image-box.default\">\n\t\t\t\t<div class=\"elementor-widget-container\">\n\t\t\t\t\t<div class=\"elementor-image-box-wrapper\"><figure class=\"elementor-image-box-img\"><img fetchpriority=\"high\" decoding=\"async\" width=\"512\" height=\"512\" src=\"https:\/\/www.gfima.es\/wp-content\/uploads\/2023\/09\/EficienciaEnergeticaIcono.png\" class=\"attachment-full size-full wp-image-1074\" alt=\"\" srcset=\"https:\/\/www.gfima.es\/wp-content\/uploads\/2023\/09\/EficienciaEnergeticaIcono.png 512w, https:\/\/www.gfima.es\/wp-content\/uploads\/2023\/09\/EficienciaEnergeticaIcono-300x300.png 300w, https:\/\/www.gfima.es\/wp-content\/uploads\/2023\/09\/EficienciaEnergeticaIcono-150x150.png 150w\" sizes=\"(max-width: 512px) 100vw, 512px\" \/><\/figure><div class=\"elementor-image-box-content\"><p class=\"elementor-image-box-description\"> Contamos con un t\u00e9cnico homologado que calificar\u00e1 la eficiencia energ\u00e9tica de tu propiedad. <\/p><\/div><\/div>\t\t\t\t<\/div>\n\t\t\t\t<\/div>\n\t\t\t\t<\/div>\n\t\t<div class=\"elementor-element elementor-element-28e838b e-con-full e-flex e-con e-child\" data-id=\"28e838b\" data-element_type=\"container\" data-e-type=\"container\">\n\t\t\t\t<div class=\"elementor-element elementor-element-1924b00 elementor-position-top elementor-widget elementor-widget-image-box\" data-id=\"1924b00\" data-element_type=\"widget\" data-e-type=\"widget\" data-widget_type=\"image-box.default\">\n\t\t\t\t<div class=\"elementor-widget-container\">\n\t\t\t\t\t<div class=\"elementor-image-box-wrapper\"><figure class=\"elementor-image-box-img\"><img decoding=\"async\" width=\"512\" height=\"512\" src=\"https:\/\/www.gfima.es\/wp-content\/uploads\/2023\/09\/Ahorro.png\" class=\"attachment-full size-full wp-image-1075\" alt=\"\" srcset=\"https:\/\/www.gfima.es\/wp-content\/uploads\/2023\/09\/Ahorro.png 512w, https:\/\/www.gfima.es\/wp-content\/uploads\/2023\/09\/Ahorro-300x300.png 300w, https:\/\/www.gfima.es\/wp-content\/uploads\/2023\/09\/Ahorro-150x150.png 150w\" sizes=\"(max-width: 512px) 100vw, 512px\" \/><\/figure><div class=\"elementor-image-box-content\"><p class=\"elementor-image-box-description\"> Ahorras tiempo y dinero <\/p><\/div><\/div>\t\t\t\t<\/div>\n\t\t\t\t<\/div>\n\t\t\t\t<\/div>\n\t\t<div class=\"elementor-element elementor-element-c42af9c e-con-full e-flex e-con e-child\" data-id=\"c42af9c\" data-element_type=\"container\" data-e-type=\"container\">\n\t\t\t\t<div class=\"elementor-element elementor-element-6f9325f elementor-position-top elementor-widget elementor-widget-image-box\" data-id=\"6f9325f\" data-element_type=\"widget\" data-e-type=\"widget\" data-widget_type=\"image-box.default\">\n\t\t\t\t<div class=\"elementor-widget-container\">\n\t\t\t\t\t<div class=\"elementor-image-box-wrapper\"><figure class=\"elementor-image-box-img\"><img decoding=\"async\" width=\"512\" height=\"512\" src=\"https:\/\/www.gfima.es\/wp-content\/uploads\/2023\/09\/AhorroTiempo.png\" class=\"attachment-full size-full wp-image-1077\" alt=\"\" srcset=\"https:\/\/www.gfima.es\/wp-content\/uploads\/2023\/09\/AhorroTiempo.png 512w, https:\/\/www.gfima.es\/wp-content\/uploads\/2023\/09\/AhorroTiempo-300x300.png 300w, https:\/\/www.gfima.es\/wp-content\/uploads\/2023\/09\/AhorroTiempo-150x150.png 150w\" sizes=\"(max-width: 512px) 100vw, 512px\" \/><\/figure><div class=\"elementor-image-box-content\"><p class=\"elementor-image-box-description\"> Recibe tu certificado de forma \u00e1gil y r\u00e1pida. <\/p><\/div><\/div>\t\t\t\t<\/div>\n\t\t\t\t<\/div>\n\t\t\t\t<\/div>\n\t\t<div class=\"elementor-element elementor-element-2fc9b1f e-con-full e-flex e-con e-child\" data-id=\"2fc9b1f\" data-element_type=\"container\" data-e-type=\"container\">\n\t\t\t\t<div class=\"elementor-element elementor-element-c47d892 elementor-position-top elementor-widget elementor-widget-image-box\" data-id=\"c47d892\" data-element_type=\"widget\" data-e-type=\"widget\" data-widget_type=\"image-box.default\">\n\t\t\t\t<div class=\"elementor-widget-container\">\n\t\t\t\t\t<div class=\"elementor-image-box-wrapper\"><figure class=\"elementor-image-box-img\"><img loading=\"lazy\" decoding=\"async\" width=\"512\" height=\"512\" src=\"https:\/\/www.gfima.es\/wp-content\/uploads\/2023\/09\/dudas.png\" class=\"attachment-full size-full wp-image-1076\" alt=\"\" srcset=\"https:\/\/www.gfima.es\/wp-content\/uploads\/2023\/09\/dudas.png 512w, https:\/\/www.gfima.es\/wp-content\/uploads\/2023\/09\/dudas-300x300.png 300w, https:\/\/www.gfima.es\/wp-content\/uploads\/2023\/09\/dudas-150x150.png 150w\" sizes=\"(max-width: 512px) 100vw, 512px\" \/><\/figure><div class=\"elementor-image-box-content\"><p class=\"elementor-image-box-description\"> Resolveremos tus dudas sobre la certificaci\u00f3n energ\u00e9tica. <\/p><\/div><\/div>\t\t\t\t<\/div>\n\t\t\t\t<\/div>\n\t\t\t\t<\/div>\n\t\t\t\t\t<\/div>\n\t\t\t\t<\/div>\n\t\t\t\t\t<\/div>\n\t\t\t\t<\/div>\n\t\t\t\t\t<\/div>\n\t\t\t\t<\/div>\n\t\t<div class=\"elementor-element elementor-element-a670a84 e-flex e-con-boxed e-con e-parent\" data-id=\"a670a84\" data-element_type=\"container\" data-e-type=\"container\">\n\t\t\t\t\t<div class=\"e-con-inner\">\n\t\t\t\t<div class=\"elementor-element elementor-element-3b2ade7 elementor-widget elementor-widget-heading\" data-id=\"3b2ade7\" data-element_type=\"widget\" data-e-type=\"widget\" data-widget_type=\"heading.default\">\n\t\t\t\t<div class=\"elementor-widget-container\">\n\t\t\t\t\t<h2 class=\"elementor-heading-title elementor-size-default\">\u00bfQuieres m\u00e1s informaci\u00f3n? Contacta con nosotros <\/h2>\t\t\t\t<\/div>\n\t\t\t\t<\/div>\n\t\t\t\t<div class=\"elementor-element elementor-element-97ee13e elementor-align-center elementor-widget elementor-widget-button\" data-id=\"97ee13e\" data-element_type=\"widget\" data-e-type=\"widget\" data-widget_type=\"button.default\">\n\t\t\t\t<div class=\"elementor-widget-container\">\n\t\t\t\t\t\t\t\t\t<div class=\"elementor-button-wrapper\">\n\t\t\t\t\t<a class=\"elementor-button elementor-button-link elementor-size-sm\" href=\"https:\/\/www.gfima.es\/?page_id=115\">\n\t\t\t\t\t\t<span class=\"elementor-button-content-wrapper\">\n\t\t\t\t\t\t\t\t\t<span class=\"elementor-button-text\">contactar<\/span>\n\t\t\t\t\t<\/span>\n\t\t\t\t\t<\/a>\n\t\t\t\t<\/div>\n\t\t\t\t\t\t\t\t<\/div>\n\t\t\t\t<\/div>\n\t\t\t\t\t<\/div>\n\t\t\t\t<\/div>\n\t\t\t\t<\/div>\n\t\t","protected":false},"excerpt":{"rendered":"<p>\u00bfNecesitas un certificado energ\u00e9tico? Certificado Energ\u00e9tico El certificado energ\u00e9tico informa sobre la eficiencia energ\u00e9tica de un inmueble y sugiere medidas de ahorro energ\u00e9tico. El certificado energ\u00e9tico es obligatorio para vender o alquilar en todo el Territorio Nacional Espa\u00f1ol seg\u00fan el Real Decreto 235\/2013 a partir del 1 de junio de 2013 y para firmar el [&hellip;]<\/p>\n","protected":false},"author":3,"featured_media":0,"parent":1027,"menu_order":0,"comment_status":"closed","ping_status":"closed","template":"","meta":{"site-sidebar-layout":"no-sidebar","site-content-layout":"page-builder","ast-site-content-layout":"default","site-content-style":"default","site-sidebar-style":"default","ast-global-header-display":"","ast-banner-title-visibility":"","ast-main-header-display":"","ast-hfb-above-header-display":"","ast-hfb-below-header-display":"","ast-hfb-mobile-header-display":"","site-post-title":"disabled","ast-breadcrumbs-content":"","ast-featured-img":"disabled","footer-sml-layout":"","ast-disable-related-posts":"","theme-transparent-header-meta":"","adv-header-id-meta":"","stick-header-meta":"","header-above-stick-meta":"","header-main-stick-meta":"","header-below-stick-meta":"","astra-migrate-meta-layouts":"default","ast-page-background-enabled":"default","ast-page-background-meta":{"desktop":{"background-color":"var(--ast-global-color-4)","background-image":"","background-repeat":"repeat","background-position":"center center","background-size":"auto","background-attachment":"scroll","background-type":"","background-media":"","overlay-type":"","overlay-color":"","overlay-opacity":"","overlay-gradient":""},"tablet":{"background-color":"","background-image":"","background-repeat":"repeat","background-position":"center center","background-size":"auto","background-attachment":"scroll","background-type":"","background-media":"","overlay-type":"","overlay-color":"","overlay-opacity":"","overlay-gradient":""},"mobile":{"background-color":"","background-image":"","background-repeat":"repeat","background-position":"center center","background-size":"auto","background-attachment":"scroll","background-type":"","background-media":"","overlay-type":"","overlay-color":"","overlay-opacity":"","overlay-gradient":""}},"ast-content-background-meta":{"desktop":{"background-color":"var(--ast-global-color-5)","background-image":"","background-repeat":"repeat","background-position":"center center","background-size":"auto","background-attachment":"scroll","background-type":"","background-media":"","overlay-type":"","overlay-color":"","overlay-opacity":"","overlay-gradient":""},"tablet":{"background-color":"var(--ast-global-color-5)","background-image":"","background-repeat":"repeat","background-position":"center center","background-size":"auto","background-attachment":"scroll","background-type":"","background-media":"","overlay-type":"","overlay-color":"","overlay-opacity":"","overlay-gradient":""},"mobile":{"background-color":"var(--ast-global-color-5)","background-image":"","background-repeat":"repeat","background-position":"center center","background-size":"auto","background-attachment":"scroll","background-type":"","background-media":"","overlay-type":"","overlay-color":"","overlay-opacity":"","overlay-gradient":""}},"_joinchat":[],"footnotes":""},"class_list":["post-1071","page","type-page","status-publish","hentry"],"yoast_head":"<!-- This site is optimized with the Yoast SEO plugin v27.5 - https:\/\/yoast.com\/product\/yoast-seo-wordpress\/ -->\n<title>Eficiencia energ\u00e9tica - Gfima<\/title>\n<meta name=\"robots\" content=\"index, follow, max-snippet:-1, max-image-preview:large, max-video-preview:-1\" \/>\n<link rel=\"canonical\" href=\"https:\/\/www.gfima.es\/?page_id=1071\" \/>\n<meta property=\"og:locale\" content=\"es_ES\" \/>\n<meta property=\"og:type\" content=\"article\" \/>\n<meta property=\"og:title\" content=\"Eficiencia energ\u00e9tica - Gfima\" \/>\n<meta property=\"og:description\" content=\"\u00bfNecesitas un certificado energ\u00e9tico? Certificado Energ\u00e9tico El certificado energ\u00e9tico informa sobre la eficiencia energ\u00e9tica de un inmueble y sugiere medidas de ahorro energ\u00e9tico. El certificado energ\u00e9tico es obligatorio para vender o alquilar en todo el Territorio Nacional Espa\u00f1ol seg\u00fan el Real Decreto 235\/2013 a partir del 1 de junio de 2013 y para firmar el [&hellip;]\" \/>\n<meta property=\"og:url\" content=\"https:\/\/www.gfima.es\/?page_id=1071\" \/>\n<meta property=\"og:site_name\" content=\"Gfima\" \/>\n<meta property=\"article:publisher\" content=\"https:\/\/www.facebook.com\/GfimaInmobiliaria\" \/>\n<meta property=\"article:modified_time\" content=\"2024-05-10T12:05:49+00:00\" \/>\n<meta property=\"og:image\" content=\"https:\/\/gfima.es\/wp-content\/uploads\/2023\/09\/EficienciaEnergeticaIcono.png\" \/>\n<meta name=\"twitter:card\" content=\"summary_large_image\" \/>\n<meta name=\"twitter:label1\" content=\"Tiempo de lectura\" \/>\n\t<meta name=\"twitter:data1\" content=\"2 minutos\" \/>\n<script type=\"application\/ld+json\" class=\"yoast-schema-graph\">{\"@context\":\"https:\\\/\\\/schema.org\",\"@graph\":[{\"@type\":\"WebPage\",\"@id\":\"https:\\\/\\\/www.gfima.es\\\/?page_id=1071\",\"url\":\"https:\\\/\\\/www.gfima.es\\\/?page_id=1071\",\"name\":\"Eficiencia energ\u00e9tica - Gfima\",\"isPartOf\":{\"@id\":\"https:\\\/\\\/www.gfima.es\\\/#website\"},\"primaryImageOfPage\":{\"@id\":\"https:\\\/\\\/www.gfima.es\\\/?page_id=1071#primaryimage\"},\"image\":{\"@id\":\"https:\\\/\\\/www.gfima.es\\\/?page_id=1071#primaryimage\"},\"thumbnailUrl\":\"https:\\\/\\\/gfima.es\\\/wp-content\\\/uploads\\\/2023\\\/09\\\/EficienciaEnergeticaIcono.png\",\"datePublished\":\"2023-09-21T09:55:22+00:00\",\"dateModified\":\"2024-05-10T12:05:49+00:00\",\"breadcrumb\":{\"@id\":\"https:\\\/\\\/www.gfima.es\\\/?page_id=1071#breadcrumb\"},\"inLanguage\":\"es\",\"potentialAction\":[{\"@type\":\"ReadAction\",\"target\":[\"https:\\\/\\\/www.gfima.es\\\/?page_id=1071\"]}]},{\"@type\":\"ImageObject\",\"inLanguage\":\"es\",\"@id\":\"https:\\\/\\\/www.gfima.es\\\/?page_id=1071#primaryimage\",\"url\":\"https:\\\/\\\/gfima.es\\\/wp-content\\\/uploads\\\/2023\\\/09\\\/EficienciaEnergeticaIcono.png\",\"contentUrl\":\"https:\\\/\\\/gfima.es\\\/wp-content\\\/uploads\\\/2023\\\/09\\\/EficienciaEnergeticaIcono.png\"},{\"@type\":\"BreadcrumbList\",\"@id\":\"https:\\\/\\\/www.gfima.es\\\/?page_id=1071#breadcrumb\",\"itemListElement\":[{\"@type\":\"ListItem\",\"position\":1,\"name\":\"Portada\",\"item\":\"https:\\\/\\\/www.gfima.es\\\/\"},{\"@type\":\"ListItem\",\"position\":2,\"name\":\"Servicios\",\"item\":\"https:\\\/\\\/www.gfima.es\\\/?page_id=1027\"},{\"@type\":\"ListItem\",\"position\":3,\"name\":\"Eficiencia energ\u00e9tica\"}]},{\"@type\":\"WebSite\",\"@id\":\"https:\\\/\\\/www.gfima.es\\\/#website\",\"url\":\"https:\\\/\\\/www.gfima.es\\\/\",\"name\":\"Gfima\",\"description\":\"Agencia inmobiliaria\",\"publisher\":{\"@id\":\"https:\\\/\\\/www.gfima.es\\\/#organization\"},\"potentialAction\":[{\"@type\":\"SearchAction\",\"target\":{\"@type\":\"EntryPoint\",\"urlTemplate\":\"https:\\\/\\\/www.gfima.es\\\/?s={search_term_string}\"},\"query-input\":{\"@type\":\"PropertyValueSpecification\",\"valueRequired\":true,\"valueName\":\"search_term_string\"}}],\"inLanguage\":\"es\"},{\"@type\":\"Organization\",\"@id\":\"https:\\\/\\\/www.gfima.es\\\/#organization\",\"name\":\"Gfima inmobiliaria\",\"url\":\"https:\\\/\\\/www.gfima.es\\\/\",\"logo\":{\"@type\":\"ImageObject\",\"inLanguage\":\"es\",\"@id\":\"https:\\\/\\\/www.gfima.es\\\/#\\\/schema\\\/logo\\\/image\\\/\",\"url\":\"https:\\\/\\\/www.gfima.es\\\/wp-content\\\/uploads\\\/2023\\\/04\\\/LogoGfima.png\",\"contentUrl\":\"https:\\\/\\\/www.gfima.es\\\/wp-content\\\/uploads\\\/2023\\\/04\\\/LogoGfima.png\",\"width\":1630,\"height\":925,\"caption\":\"Gfima inmobiliaria\"},\"image\":{\"@id\":\"https:\\\/\\\/www.gfima.es\\\/#\\\/schema\\\/logo\\\/image\\\/\"},\"sameAs\":[\"https:\\\/\\\/www.facebook.com\\\/GfimaInmobiliaria\",\"https:\\\/\\\/www.instagram.com\\\/gfima_inmobiliaria\"]}]}<\/script>\n<!-- \/ Yoast SEO plugin. -->","yoast_head_json":{"title":"Eficiencia energ\u00e9tica - Gfima","robots":{"index":"index","follow":"follow","max-snippet":"max-snippet:-1","max-image-preview":"max-image-preview:large","max-video-preview":"max-video-preview:-1"},"canonical":"https:\/\/www.gfima.es\/?page_id=1071","og_locale":"es_ES","og_type":"article","og_title":"Eficiencia energ\u00e9tica - Gfima","og_description":"\u00bfNecesitas un certificado energ\u00e9tico? Certificado Energ\u00e9tico El certificado energ\u00e9tico informa sobre la eficiencia energ\u00e9tica de un inmueble y sugiere medidas de ahorro energ\u00e9tico. El certificado energ\u00e9tico es obligatorio para vender o alquilar en todo el Territorio Nacional Espa\u00f1ol seg\u00fan el Real Decreto 235\/2013 a partir del 1 de junio de 2013 y para firmar el [&hellip;]","og_url":"https:\/\/www.gfima.es\/?page_id=1071","og_site_name":"Gfima","article_publisher":"https:\/\/www.facebook.com\/GfimaInmobiliaria","article_modified_time":"2024-05-10T12:05:49+00:00","og_image":[{"url":"https:\/\/gfima.es\/wp-content\/uploads\/2023\/09\/EficienciaEnergeticaIcono.png","type":"","width":"","height":""}],"twitter_card":"summary_large_image","twitter_misc":{"Tiempo de lectura":"2 minutos"},"schema":{"@context":"https:\/\/schema.org","@graph":[{"@type":"WebPage","@id":"https:\/\/www.gfima.es\/?page_id=1071","url":"https:\/\/www.gfima.es\/?page_id=1071","name":"Eficiencia energ\u00e9tica - Gfima","isPartOf":{"@id":"https:\/\/www.gfima.es\/#website"},"primaryImageOfPage":{"@id":"https:\/\/www.gfima.es\/?page_id=1071#primaryimage"},"image":{"@id":"https:\/\/www.gfima.es\/?page_id=1071#primaryimage"},"thumbnailUrl":"https:\/\/gfima.es\/wp-content\/uploads\/2023\/09\/EficienciaEnergeticaIcono.png","datePublished":"2023-09-21T09:55:22+00:00","dateModified":"2024-05-10T12:05:49+00:00","breadcrumb":{"@id":"https:\/\/www.gfima.es\/?page_id=1071#breadcrumb"},"inLanguage":"es","potentialAction":[{"@type":"ReadAction","target":["https:\/\/www.gfima.es\/?page_id=1071"]}]},{"@type":"ImageObject","inLanguage":"es","@id":"https:\/\/www.gfima.es\/?page_id=1071#primaryimage","url":"https:\/\/gfima.es\/wp-content\/uploads\/2023\/09\/EficienciaEnergeticaIcono.png","contentUrl":"https:\/\/gfima.es\/wp-content\/uploads\/2023\/09\/EficienciaEnergeticaIcono.png"},{"@type":"BreadcrumbList","@id":"https:\/\/www.gfima.es\/?page_id=1071#breadcrumb","itemListElement":[{"@type":"ListItem","position":1,"name":"Portada","item":"https:\/\/www.gfima.es\/"},{"@type":"ListItem","position":2,"name":"Servicios","item":"https:\/\/www.gfima.es\/?page_id=1027"},{"@type":"ListItem","position":3,"name":"Eficiencia energ\u00e9tica"}]},{"@type":"WebSite","@id":"https:\/\/www.gfima.es\/#website","url":"https:\/\/www.gfima.es\/","name":"Gfima","description":"Agencia inmobiliaria","publisher":{"@id":"https:\/\/www.gfima.es\/#organization"},"potentialAction":[{"@type":"SearchAction","target":{"@type":"EntryPoint","urlTemplate":"https:\/\/www.gfima.es\/?s={search_term_string}"},"query-input":{"@type":"PropertyValueSpecification","valueRequired":true,"valueName":"search_term_string"}}],"inLanguage":"es"},{"@type":"Organization","@id":"https:\/\/www.gfima.es\/#organization","name":"Gfima inmobiliaria","url":"https:\/\/www.gfima.es\/","logo":{"@type":"ImageObject","inLanguage":"es","@id":"https:\/\/www.gfima.es\/#\/schema\/logo\/image\/","url":"https:\/\/www.gfima.es\/wp-content\/uploads\/2023\/04\/LogoGfima.png","contentUrl":"https:\/\/www.gfima.es\/wp-content\/uploads\/2023\/04\/LogoGfima.png","width":1630,"height":925,"caption":"Gfima inmobiliaria"},"image":{"@id":"https:\/\/www.gfima.es\/#\/schema\/logo\/image\/"},"sameAs":["https:\/\/www.facebook.com\/GfimaInmobiliaria","https:\/\/www.instagram.com\/gfima_inmobiliaria"]}]}},"_links":{"self":[{"href":"https:\/\/www.gfima.es\/index.php?rest_route=\/wp\/v2\/pages\/1071","targetHints":{"allow":["GET"]}}],"collection":[{"href":"https:\/\/www.gfima.es\/index.php?rest_route=\/wp\/v2\/pages"}],"about":[{"href":"https:\/\/www.gfima.es\/index.php?rest_route=\/wp\/v2\/types\/page"}],"author":[{"embeddable":true,"href":"https:\/\/www.gfima.es\/index.php?rest_route=\/wp\/v2\/users\/3"}],"replies":[{"embeddable":true,"href":"https:\/\/www.gfima.es\/index.php?rest_route=%2Fwp%2Fv2%2Fcomments&post=1071"}],"version-history":[{"count":13,"href":"https:\/\/www.gfima.es\/index.php?rest_route=\/wp\/v2\/pages\/1071\/revisions"}],"predecessor-version":[{"id":1704,"href":"https:\/\/www.gfima.es\/index.php?rest_route=\/wp\/v2\/pages\/1071\/revisions\/1704"}],"up":[{"embeddable":true,"href":"https:\/\/www.gfima.es\/index.php?rest_route=\/wp\/v2\/pages\/1027"}],"wp:attachment":[{"href":"https:\/\/www.gfima.es\/index.php?rest_route=%2Fwp%2Fv2%2Fmedia&parent=1071"}],"curies":[{"name":"wp","href":"https:\/\/api.w.org\/{rel}","templated":true}]}}